(-63)/14 + 2)*-54.
3, 5
Let a(r) = -r**3 - 7*r**2 - 6*r - 3. Let n be a(-6). List the prime factors of n - -5 - (0 - 109).
3, 37
Let j be -2 + (0/(-3) - 10). Let h = 14 + j. Suppose -18 = -4*m - h. List the prime factors of m.
2
Suppose 18 = 9*v - 0. Suppose 0 = v*s + 8, 37 = -5*j - s + 218. List the prime factors of j.
37
Suppose 0 = -l + 5*i + 17, -3*l = 3*i + 2*i + 29. What are the prime factors of 12796/77 + -2*l/(-33)?
2, 83
Suppose l - 15 = -2*l. Suppose -3*y = -14 + l. Suppose y*d + 2*u + 2*u - 50 = 0, -3*d + 40 = -u. List the prime factors of d.
2, 7
Suppose 3*b = -5*r + 6826, -3*r - b + 4107 = -3*b. What are the prime factors of r?
1367
Let h(m) = 2*m**2 + 9*m + 7. Suppose 3*s + 20 - 2 = 0. Let a be h(s). Let v = 36 - a. List the prime factors of v.
11
Suppose 5*z - w + 4*w = -25, 24 = -2*z - 4*w. Let s(y) = 21*y**2 + 3*y + 6. What are the prime factors of s(z)?
2, 3, 7
Suppose 0 = -2*b + g + 1199, 4*b - 2*g - g = 2395. List the prime factors of b.
601
Suppose -6*u - 554 = -9*u - 2*a, 3*u + a - 556 = 0. What are the prime factors of u?
2, 3, 31
Let l = -520 - -848. List the prime factors of l.
2, 41
Let f(z) be the second derivative of -z**5/20 + z**3/3 - 2*z**2 - z. Let t be 52/(-18) - 12/108. List the prime factors of f(t).
17
Suppose b + b = -2*t + 4, 2*t - b = -5. List the prime factors of 75*(-5)/(15/t).
5
Let k(x) = -304*x + 94. List the prime factors of k(-2).
2, 3, 13
Suppose n + 3*n - 12 = 0. Suppose -2*d = 4*i - 308, -5*d - 66 = 2*i - n*i. What are the prime factors of i?
2, 19
Suppose f - 5*k = -44, 0*f + 132 = -3*f - k. Let w = f + 66. Let y = -9 + w. List the prime factors of y.
13
Suppose 4*b = 2*b + 42. Let s = 62 - b. List the prime factors of s.
41
Let m = -4331 + 7685. List the prime factors of m.
2, 3, 13, 43
Let d(p) be the third derivative of p**5/60 + 5*p**4/12 - 7*p**3/6 - 5*p**2. Let z be d(-8). Let k = -16 - z. List the prime factors of k.
7
Let b be (3 - 32) + -1 + 2. Let y = 40 + b. Suppose -5*c + y = -3. List the prime factors of c.
3
List the prime factors of 214*((-54)/12 + 6).
3, 107
List the prime factors of (28197/(-78))/(-2 + 12/8).
3, 241
Let v = -521 - -1243. What are the prime factors of v?
2, 19
Suppose -x = 5*j - 3667, 19*j - 5*x - 3685 = 14*j. What are the prime factors of j?
2, 367
Let v(w) = 6*w**2 + 4*w + 6. Suppose 0 = -2*q + 5*p + 31, -p - 3 = 4*q - 10. Suppose -2*g = -4*s - 2, -s + 9 = -q*g + 2. What are the prime factors of v(g)?
2, 3
Let h(o) = -5*o + 18. Suppose -2*z = 9 + 7. Let k be h(z). Suppose 0 = 3*y - 2 - k. What are the prime factors of y?
2, 5
Let f = -238 - -959. List the prime factors of f.
7, 103
Let c(f) be the second derivative of f**5/20 + 5*f**4/6 + 17*f**3/6 + 5*f**2 + 30*f. List the prime factors of c(-8).
2
Let i(x) = -4*x + 10. Let w be i(2). What are the prime factors of -3 + 0 + (w*15 - 3)?
2, 3
Let m = 33 + -26. Suppose -m*u = -11*u + 168. List the prime factors of u.
2, 3, 7
Let h be 45/5 + (-1 - 3). Suppose 3*w = 3*l + 228, 376 = h*w - 3*l - l. What are the prime factors of w?
2, 3
Suppose -162 = 2*r + r. Let y = r + 87. List the prime factors of y.
3, 11
Suppose 0 = -8*i + 3*i + 25. Suppose 0 = -i*n - 2*o - 2*o + 2, -6 = 3*o. Suppose 0 = n*u + 2*u - 100. List the prime factors of u.
5
Suppose 2*j - v + 43 + 43 = 0, -5*j - 4*v = 228. Let t = 22 + j. Let s = -2 - t. What are the prime factors of s?
2, 5
Let t = 7 - -1. Let s(r) = r**3 - 4*r**2 - 2*r + 6. Let h be s(t). List the prime factors of h/18 - 2/(-6).
2, 7
Let t(y) = 19*y**3 + y**2 + y - 1. Let o be t(1). Suppose 0 = 3*b + 4*d - o - 8, -4*b + 38 = 5*d. What are the prime factors of b?
2, 3
Let k = 312 + -193. Let s = k + -14. List the prime factors of s.
3, 5, 7
Suppose 2*q = 2, 0 = 5*f - 0*f - 3*q - 217. Suppose -2*d + 92 + f = 0. List the prime factors of d.
2, 17
Suppose 6*n + 47 = 5*n. Let p = 19 + 48. Let h = p + n. What are the prime factors of h?
2, 5
Suppose 0*a + 1200 = 4*a. What are the prime factors of a?
2, 3, 5
Let d(q) = -q + 0*q - 2*q - q + 25. What are the prime factors of d(-11)?
3, 23
Let g = -499 - -1055. What are the prime factors of g?
2, 139
Let v = 1430 + -824. List the prime factors of v.
2, 3, 101
Suppose s = 7*s + 30. What are the prime factors of 10 - (-5)/(s/(-2))?
2, 3
Let x(m) = m**3 + 3*m**2 - 17*m - 2. Let j be (-2)/14*2 + (-231)/49. What are the prime factors of x(j)?
3, 11
Let c = -17 + 20. Suppose 0 = -5*k + c*k + 236. List the prime factors of k.
2, 59
Let i(u) = -u**2 - 19*u + 21. Let o = 9 + -25. Let b be i(o). Suppose -5*z - 5*x = -z - 171, 0 = -z + 4*x + b. List the prime factors of z.
7
Let o = 1 - -1. Suppose 2*l + 64 = -4*b, o*l - 164 = 6*l - 4*b. Let v = l + 65. What are the prime factors of v?
3
Let y(p) = 95*p + 42. List the prime factors of y(8).
2, 401
Let z(y) = -3*y**2 + 9*y + 1. Let r be z(4). Let c be 3 - (r - (-4 + 5)). Suppose -b + 39 = c. What are the prime factors of b?
2, 3
Let n(c) = c**2 - 4*c. Let b be n(2). List the prime factors of (0 + 4/b)/((-2)/354).
3, 59
Let i(m) = -m**2 - 5*m - 4. Let z(g) = 4*g**2 + 20*g + 17. Let d(n) = -9*i(n) - 2*z(n). Let y be 1 - (-9)/(-1 + 0). What are the prime factors of d(y)?
2, 13
Let s(l) = l + 13. Suppose 10*p = 9*p + 4. Suppose -5*o - 9 = -p*o. List the prime factors of s(o).
2
Suppose 1266 = 15*r - 9519. List the prime factors of r.
719
Let l = -5 + -1. Let y(z) = -6*z + 3. List the prime factors of y(l).
3, 13
Let t(d) = -151*d + 1. Let q = 34 + -35. What are the prime factors of t(q)?
2, 19
List the prime factors of ((-66)/(-18))/11*2589.
863
Let y = -212 + 1009. List the prime factors of y.
797
Let x(b) = 137*b - 574. What are the prime factors of x(19)?
2029
Suppose 91 + 1479 = 10*y. Let q = y + -12. What are the prime factors of q?
5, 29
Let j(q) = 2*q**3 + 24*q**2 - 6*q + 12. Let r(b) = b**3 - 14*b**2 - 14*b - 27. Let v be r(15). What are the prime factors of j(v)?
2, 3, 7
Suppose -5*m + n - 6 = 0, 2*m + m + 3*n + 18 = 0. Let h = m - -5. Suppose -o = -2*w - 3, -3*o + 0*w + h*w = -18. What are the prime factors of o?
3
Let s(b) be the first derivative of -21*b**4/4 + 2*b**3/3 - b + 1. Let d be s(-1). Suppose -q = q - d. What are the prime factors of q?
11
Let u(t) = 1958*t**3 + 3*t**2 + t - 1. Let m be u(-2). What are the prime factors of m/62*(-4)/5?
2, 101
Suppose 0 = 2*l - 7*l + 3295. Suppose 5*w = l - 74. Suppose 3*i + 0*i - w = 0. List the prime factors of i.
3, 13
Suppose 2*s + w - 97 = 0, 5*s + 101 = w + 333. Let f be ((-8)/6)/(-2) - 826/(-21). Suppose f = 3*y - s. List the prime factors of y.
29
Suppose 14*a - 5*q + 1477 = 17*a, -2*a + q + 989 = 0. What are the prime factors of a?
2, 13, 19
Suppose 4*y + 4*s - 1856 = 0, 7*y - 1390 = 4*y - 5*s. What are the prime factors of y?
3, 5, 31
Let j(b) be the third derivative of b**5/12 + b**4/24 + 5*b**3/3 + 25*b**2. What are the prime factors of j(-4)?
2, 43
Suppose -5*x + 5*g = -1985, -4*x - 2*g = -5*x + 394. What are the prime factors of x?
2, 5
Suppose 79*u - 40 = 75*u. Suppose -u*h - 364 = -2614. List the prime factors of h.
3, 5
Suppose -5*f + 3746 = 5*n - 3024, -f + 4*n = -1329. What are the prime factors of f?
19, 71
Let u(g) = -g**3 - 9*g**2 + g + 4. Let j be u(-9). What are the prime factors of 359/8 - 1*j/40?
3, 5
Suppose 2*b - 1030 = 7*b. Let m = -94 - b. Suppose 5*a - m = a. What are the prime factors of a?
2, 7
Suppose -5*k = 25 - 5. Let r(t) = 2*t**2 + 5*t + 4. Let j be r(k). Let i = j + 30. List the prime factors of i.
2, 23
Let r be 2/3*12/4. Suppose 0 = r*z + 4*v + 6, -z = -3*v - 9 - 3. Suppose -3*n + 63 = z*a, 3*n + n + a - 69 = 0. What are the prime factors of n?
2
Let c be (-4)/(-14) + (-2)/7. Suppose 3*g + 3*q + 3 = c, g + 6*q = q - 5. Suppose g = -3*l + f + 15, -l = -0*l + f - 9. What are the prime factors of l?
2, 3
Let h(m) = 9*m + 34. Let j(p) = 19*p + 69. Let d(q) = -7*h(q) + 3*j(q). Let z(u) = -3*u - 16. Let i(v) = 3*d(v) - 5*z(v). What are the prime factors of i(-10)?
17
Let i = 173 - 85. Let t = i + 8. List the prime factors of t.
2, 3
List the prime factors of 2/(-6) + 138740/60.
2, 17
What are the prime factors of ((-62)/3)/((-3)/243)?
2, 3, 31
Suppose -11*m = -5*m - 30. Suppose i + l = -2*l, 0 = m*i + 5*l - 50. List the prime factors of i.
3, 5
Let r(l) = 2*l**2 + 7*l - 6. Let c be r(-4). Let b(f) = -39*f + 7. What